et v(p) = 9*p**3 - 324*p**2 + 3*p - 72. Calculate v(36).
36
Let p(n) = 204*n - 816. Determine p(4).
0
Let p(x) = -x**2 - 32*x + 135. Determine p(5).
-50
Let p(s) = 126*s + 793. Determine p(-9).
-341
Let q(d) = -d**2 + 778*d + 10285. Calculate q(-13).
2
Let r(z) = z**3 + 89*z**2 - 96*z - 474. Calculate r(-90).
66
Let r(k) = -5*k - 399. What is r(-36)?
-219
Let s(d) = -111*d - 14232. Calculate s(-128).
-24
Let o(c) = 90*c + 2871. Calculate o(-32).
-9
Let r(y) = 226*y + 3379. What is r(-14)?
215
Let w(o) = -o**3 + o**2 + o - 10. Give w(-5).
135
Let d(c) = c**2 + 17*c - 681. What is d(19)?
3
Let o(z) = 9*z**2 + 63*z + 34. Calculate o(-6).
-20
Let j(r) = r**3 - 59*r**2 - 49*r - 568. Calculate j(60).
92
Let g(a) = -13*a + 64. Calculate g(9).
-53
Let a(o) = -38*o + 382. Determine a(20).
-378
Let l(a) = -804*a - 5646. What is l(-7)?
-18
Let i(k) = -k**3 - 165*k**2 - 36*k - 5936. Determine i(-165).
4
Let q(i) = 50*i**3 - 8*i**2 - 6*i - 2. Calculate q(-1).
-54
Let o(l) = -l**2 - 33*l - 129. Determine o(15).
-849
Let a(h) = h**3 + 4*h**2 - 429*h - 3039. Calculate a(-7).
-183
Let t(g) = 24*g**3 - 111*g**2 - g - 9. Determine t(4).
-253
Let v(d) = -d**3 - 29*d**2 + 57*d - 142. What is v(-31)?
13
Let b(f) = 72*f - 1681. Give b(16).
-529
Let p(r) = 2*r**3 - 243*r**2 + 588*r + 832. Determine p(119).
-1
Let z(y) = y**3 - 39*y**2 + 6*y - 263. What is z(39)?
-29
Let d(y) = -39*y + 74. Calculate d(4).
-82
Let j(z) = -79*z + 1875. Give j(24).
-21
Let o(n) = -n**3 - 32*n**2 + 7*n + 285. Determine o(-32).
61
Let g(w) = -93*w - 5402. What is g(-58)?
-8
Let q(b) = 2*b**3 + 21*b**2 + 27*b - 143. Calculate q(-7).
11
Let a(p) = 220*p - 7045. What is a(32)?
-5
Let u(i) = i**3 + 35*i**2 - 141*i + 79. Give u(3).
-2
Let o(u) = -12*u - 160. Give o(-14).
8
Let h(x) = 4*x + 161. What is h(-22)?
73
Let y(m) = 6*m**2 + 430*m - 1046. Determine y(-74).
-10
Let k(w) = -w**2 + 40*w + 94. Determine k(38).
170
Let v(l) = -19*l + 44. Give v(4).
-32
Let n(i) = 2*i**3 - 37*i**2 - 154*i - 45. What is n(22)?
-45
Let r(a) = 103*a - 2042. Calculate r(19).
-85
Let h(o) = 226*o + 4177. What is h(-16)?
561
Let j(g) = -17*g - 321. Give j(-7).
-202
Let h(y) = -2*y + 28. Determine h(3).
22
Let m(y) = -2*y**2 - 20*y + 209. Give m(6).
17
Let s(q) = 2*q**3 + 64*q**2 - 17*q - 542. Determine s(-32).
2
Let y(a) = -a**2 - 221*a - 444. What is y(-2)?
-6
Let v(c) = -c - 10. Calculate v(-19).
9
Let q(m) = -m**3 - 115*m**2 + 327*m + 37610. Determine q(-115).
5
Let t(p) = -35*p + 900. What is t(19)?
235
Let s(a) = 69*a + 669. Give s(-19).
-642
Let y(t) = 46*t - 5464. Determine y(120).
56
Let k(j) = -j**3 - 35*j**2 - 72*j - 57. What is k(-33)?
141
Let g(t) = 207*t + 54480. Give g(-263).
39
Let n(r) = -13*r**3 - 6*r**2 + 3*r + 3. Determine n(-1).
7
Let s(l) = -1500*l + 1480. What is s(1)?
-20
Let c(h) = 4*h**3 + h**2 - 4*h - 10. Calculate c(-3).
-97
Let x(i) = -21*i**2 + 52*i + 37. Determine x(7).
-628
Let s(g) = -6484*g + 19466. Determine s(3).
14
Let t(w) = w**2 - 87*w + 344. Determine t(4).
12
Let t(z) = 67*z - 958. Give t(12).
-154
Let l(q) = -2*q**3 + 17*q**2 - 15*q - 42. Calculate l(7).
0
Let r(j) = -j**2 - 23*j - 196. What is r(-16)?
-84
Let s(v) = 23*v - 2543. What is s(109)?
-36
Let b(x) = x**2 - 117*x + 1540. Give b(16).
-76
Let f(i) = 3*i**2 + 4740*i - 14208. Calculate f(3).
39
Let p(a) = 119*a + 1787. Determine p(-15).
2
Let r(j) = 32*j + 64. Calculate r(-2).
0
Let y(u) = -65*u - 4935. Calculate y(-76).
5
Let v(j) = j**2 + 99*j - 35383. Give v(145).
-3
Let h(x) = x**3 + x**2 + 8*x + 27. Determine h(0).
27
Let j(t) = t**3 - 11*t**2 - t - 3. Determine j(0).
-3
Let a(r) = 4*r**3 - 25*r**2 - r + 56. Determine a(6).
14
Let o(n) = -n**2 + 17*n + 618. Determine o(35).
-12
Let k(p) = 236*p - 33505. Calculate k(142).
7
Let q(v) = -v**2 + 36*v - 64. Calculate q(48).
-640
Let h(v) = -15*v**2 + 183*v - 14. Calculate h(12).
22
Let n(z) = -z**2 - 1319*z - 23415. Calculate n(-18).
3
Let y(l) = l**3 + 12*l**2 + 8*l - 17. Determine y(-11).
16
Let t(i) = 14*i**2 - 391*i - 12. What is t(28)?
16
Let c(p) = -3*p + 21. Determine c(-8).
45
Let r(i) = -i**3 - 40*i**2 - 35*i + 66. Calculate r(-39).
-90
Let x(f) = -9*f**2 - 9*f + 89. Give x(3).
-19
Let k(n) = -454*n - 2718. Calculate k(-6).
6
Let t(p) = 13*p - 156. What is t(6)?
-78
Let v(i) = -i**3 + 54*i**2 + 116*i - 361. Give v(56).
-137
Let a(s) = -s + 636. Calculate a(-64).
700
Let k(d) = -7*d**3 + 99*d**2 - 15*d - 21. What is k(14)?
-35
Let o(u) = -2*u**2 + 364*u - 731. What is o(2)?
-11
Let q(p) = -p**3 + 3*p**2 - 28*p + 2. What is q(0)?
2
Let l(a) = 3*a**2 + 727*a - 24519. Calculate l(30).
-9
Let g(x) = -9*x**2 - 285*x - 186. Give g(-31).
0
Let t(z) = -63*z + 1318. Determine t(21).
-5
Let s(p) = 16*p - 260. Determine s(-13).
-468
Let u(h) = -h**2 - 58*h + 916. What is u(13)?
-7
Let c(j) = 192*j - 390. What is c(2)?
-6
Let p(v) = 15*v**2 - 90*v - 1. Give p(6).
-1
Let k(v) = -160*v - 703. Determine k(-8).
577
Let j(g) = 27*g + 54. Give j(-9).
-189
Let y(t) = 3*t**3 - 48*t**2 - 85*t - 27. What is y(17)?
-605
Let n(m) = 5*m + 18. What is n(-45)?
-207
Let t(d) = 9*d**3 - 109*d**2 + 13*d + 1. What is t(12)?
13
Let v(p) = 19*p - 224. Determine v(15).
61
Let r(w) = 7*w**3 + 8*w**2 - 4*w - 4. What is r(1)?
7
Let v(c) = 2*c**2 - 5*c + 91. What is v(8)?
179
Let t(z) = -3*z**2 - 232*z - 4432. Give t(-34).
-12
Let i(u) = u**3 + 40*u**2 - 87*u - 3. Give i(-42).
123
Let u(g) = 503*g + 2499. Calculate u(-5).
-16
Let k(h) = -h - 47. Give k(-32).
-15
Let c(o) = -o**3 + 18*o**2 - 12*o - 41. Calculate c(17).
44
Let b(k) = -k**3 + 22*k**2 - 101*k + 69. Determine b(16).
-11
Let n(c) = 5*c**2 - 21*c - 33. Calculate n(12).
435
Let f(s) = 2*s**3 + 5*s**2 + 13*s + 11. Determine f(-2).
-11
Let q(h) = 2*h**3 + 9*h**2 + 12*h + 3. Determine q(-2).
-1
Let j(v) = v**3 + 17*v**2 - 266*v - 38. Determine j(10).
2
Let q(x) = -x**3 - 16*x**2 - 17*x - 795. What is q(-18)?
159
Let t(m) = 679*m**2 - 49*m + 2. What is t(1)?
632
Let j(r) = 3*r + 353. What is j(-42)?
227
Let a(t) = -28*t - 44. What is a(-8)?
180
Let w(q) = -q**3 + 18*q**2 + 3*q + 296. Give w(19).
-8
Let i(f) = f**2 + 21*f + 127. What is i(-16)?
47
Let g(u) = -2*u**2 + 1041*u - 1042. Give g(1).
-3
Let v(t) = -t**3 - 4*t**2 + 40*t + 5. Calculate v(5).
-20
Let m(q) = -2*q**2 - 262*q - 5175. Determine m(-107).
-39
Let l(i) = -4*i**2 + 98*i - 212. What is l(22)?
8
Let j(k) = 16*k - 302. Calculate j(-9).
-446
Let f(a) = -36*a + 28. Calculate f(4).
-116
Let y(c) = -215*c + 10749. Determine y(50).
-1
Let c(v) = 2*v**2 - 99*v - 93. What is c(0)?
-93
Let g(b) = -26*b - 898. What is g(-43)?
220
Let j(r) = -2971*r + 3. What is j(0)?
3
Let y(t) = -396*t + 20189. Give y(51).
-7
Let f(n) = -188*n + 8269. Give f(44).
-3
Let g(a) = -a**3 - 26*a**2 - 15*a - 400. Determine g(-26).
-10
Let s(u) = -128*u**3 + 3*u**2 + 5*u + 3. Determine s(-1).
129
Let m(d) = -969*d + 7746. Calculate m(8).
-6
Let n(o) = -o**3 + 4*o**2 - 12*o - 42. Calculate n(-4).
134
Let p(o) = o**3 - 20*o**2 + 22*o - 21. Give p(19).
36
Let d(m) = -5*m + 275. Calculate d(27).
140
Let k(j) = -19765*j + 59292. Give k(3).
-3
Let i(c) = -4*c**2 + 69*c + 93. What is i(18)?
39
Let n(j) = 2774*j - 27742. Give n(10).
-2
Let r(z) = 3*z**3 - 11*z**2 - 13. Give r(5).
87
Let g(x) = 4*x**2 - 79*x + 249. What is g(4)?
-3
Let w(i) = -38*i - 344. Give w(-9).
-2
Let d(i) = -541*i - 14058. Determine d(-26).
8
Let k(d) = d**3 + 29*d**2 - 56*d + 5. What is k(2)?
17
Let x(q) = -815*q - 5617. Calculate x(-7).
88
Let b(r) = 2*r**3 - 53*r**2 - 210*r - 1. Determine b(30).
-1
Let i(u) = -2*u**2 - 6*u - 6. Determine i(0).
-6
Let z(h) = -h**2 - 147*h - 1314. What is z(-137)?
56
Let s(z) = 77*z + 13086. Determine s(-170).
-4
Let d(c) = 145*c + 3193. Calculate d(-22).
3
Let o(i) = 3*i**2 - 92*i - 175. Calculate o(33).
56
Let m(s) = 454*s - 454. Determine m(1).
0
Let j(f) = -59*f + 414. Calculate j(7).
1
Let q(t) = -3*t**2 - 908*t + 3647. Give q(4).
-33
Let m(p) = -p + 68. What is m(32)?
36
Let m(f) = -4172*f + 4143. Determine m(1).
-29
Let c(x) = x**2 - 5*x + 1. Give c(6).
7
Let b(o) = -26*o - 881. Determine b(-34).
3
Let k(h) = 2*h**2 + 350*h + 1052. Calculate k(-3).
20
Let z(f) = -171*f - 5133. What is z(-30)?
-3
Let b(n) = 6*n**2 + 112*n + 414. Give b(-16).
158
Let c(t) = -13*t**2 - 58*t - 55. Determine c(-1).
-10
Let q